{"id":10130,"date":"2025-07-11T08:47:11","date_gmt":"2025-07-11T08:47:11","guid":{"rendered":"https:\/\/testv81.demowebsitelinks.com\/Robert-RogersV2\/?post_type=product&#038;p=10130"},"modified":"2026-03-25T23:51:22","modified_gmt":"2026-03-25T23:51:22","slug":"dividido-entre-la-guerra-y-la-mujer","status":"publish","type":"product","link":"https:\/\/testv95.demowebsitelinks.com\/Robert-RogersV2\/product\/dividido-entre-la-guerra-y-la-mujer\/","title":{"rendered":"Dividido Entre la Guerra y la Mujer"},"content":{"rendered":"<div class=\"a-expander-content a-expander-partial-collapse-content\" data-expanded=\"false\">\n<p>Un emotivo relato autobiogr\u00e1fico que sigue la vida del autor desde su infancia hasta su experiencia en la guerra de Vietnam. La historia incluye su relaci\u00f3n con Lan, int\u00e9rprete vietnamita, y ofrece una visi\u00f3n profunda sobre el amor, la guerra y la supervivencia.<\/p>\n<\/div>\n","protected":false},"excerpt":{"rendered":"<div class=\"a-expander-content a-expander-partial-collapse-content\" data-expanded=\"false\">\n<div class=\"a-expander-content a-expander-partial-collapse-content\" data-expanded=\"false\">\n<p>Un emotivo relato autobiogr\u00e1fico que sigue la vida del autor desde su infancia hasta su experiencia en la guerra de Vietnam. La historia incluye su relaci\u00f3n con Lan, int\u00e9rprete vietnamita, y ofrece una visi\u00f3n profunda sobre el amor, la guerra y la supervivencia.<\/p>\n<\/div>\n<\/div>\n","protected":false},"featured_media":10258,"comment_status":"open","ping_status":"closed","template":"","meta":{"_links_to":"","_links_to_target":""},"product_brand":[],"product_cat":[20],"product_tag":[],"class_list":{"0":"post-10130","1":"product","2":"type-product","3":"status-publish","4":"has-post-thumbnail","6":"product_cat-book","8":"first","9":"instock","10":"shipping-taxable","11":"purchasable","12":"product-type-simple"},"_links":{"self":[{"href":"https:\/\/testv95.demowebsitelinks.com\/Robert-RogersV2\/wp-json\/wp\/v2\/product\/10130","targetHints":{"allow":["GET"]}}],"collection":[{"href":"https:\/\/testv95.demowebsitelinks.com\/Robert-RogersV2\/wp-json\/wp\/v2\/product"}],"about":[{"href":"https:\/\/testv95.demowebsitelinks.com\/Robert-RogersV2\/wp-json\/wp\/v2\/types\/product"}],"replies":[{"embeddable":true,"href":"https:\/\/testv95.demowebsitelinks.com\/Robert-RogersV2\/wp-json\/wp\/v2\/comments?post=10130"}],"version-history":[{"count":4,"href":"https:\/\/testv95.demowebsitelinks.com\/Robert-RogersV2\/wp-json\/wp\/v2\/product\/10130\/revisions"}],"predecessor-version":[{"id":10471,"href":"https:\/\/testv95.demowebsitelinks.com\/Robert-RogersV2\/wp-json\/wp\/v2\/product\/10130\/revisions\/10471"}],"wp:featuredmedia":[{"embeddable":true,"href":"https:\/\/testv95.demowebsitelinks.com\/Robert-RogersV2\/wp-json\/wp\/v2\/media\/10258"}],"wp:attachment":[{"href":"https:\/\/testv95.demowebsitelinks.com\/Robert-RogersV2\/wp-json\/wp\/v2\/media?parent=10130"}],"wp:term":[{"taxonomy":"product_brand","embeddable":true,"href":"https:\/\/testv95.demowebsitelinks.com\/Robert-RogersV2\/wp-json\/wp\/v2\/product_brand?post=10130"},{"taxonomy":"product_cat","embeddable":true,"href":"https:\/\/testv95.demowebsitelinks.com\/Robert-RogersV2\/wp-json\/wp\/v2\/product_cat?post=10130"},{"taxonomy":"product_tag","embeddable":true,"href":"https:\/\/testv95.demowebsitelinks.com\/Robert-RogersV2\/wp-json\/wp\/v2\/product_tag?post=10130"}],"curies":[{"name":"wp","href":"https:\/\/api.w.org\/{rel}","templated":true}]}}